w - i. List the prime factors of w.
2, 5
Let b(m) = m**3 - 8*m**2 + 2*m - 6. Let j be b(8). Let c = j + -15. What are the prime factors of 2/c + (-884)/(-85)?
2, 5
Let o(y) = y + 8. Let q(j) = j**3 + 2*j**2 - 2*j - 2. Let t be q(-3). Let i be o(t). Suppose -m = -i*m + 50. What are the prime factors of m?
5
Let k be -1 - -4 - (-154)/11. Suppose 19*h - 96 = k*h. List the prime factors of h.
2, 3
Let c = -13 + 19. Suppose -c*m + 2*m - 3*r + 310 = 0, 0 = m - 5*r - 89. List the prime factors of m.
79
Let f(p) = 3*p + 28. Let z be f(4). Let c(q) = 10*q + 1. Let a be c(2). Let m = z - a. What are the prime factors of m?
19
Suppose -4*v = 2*r - 5738, 0*r - 4*v + 14321 = 5*r. What are the prime factors of r?
2861
Let g(l) = -6*l**3 + 3*l**2 - l - 1. Let j be g(2). Let o = j - -60. Suppose 5*p - 5*q - 30 = 2*p, -o = -3*p + 2*q. List the prime factors of p.
5
Let g(a) be the second derivative of a**4/6 - a**3 - 2*a**2 - 10*a. Let v be g(3). List the prime factors of -1*(v - -2) + 8.
2, 5
Suppose 0*r + 5*s = -r - 7, 2*s = 4*r - 60. Let t = r - 5. Suppose 108 = -t*p + 12*p. What are the prime factors of p?
3
Let j(m) = 36*m**2 + 9*m - 12. List the prime factors of j(-8).
2, 3, 5, 37
Let d = 9 - 13. Let a be -3 - d*250/5. Suppose 347 + a = 8*x. What are the prime factors of x?
2, 17
Let s(j) = 2*j + 6. Let l be s(-5). Let q = 99 + l. What are the prime factors of q?
5, 19
Let q be 24/64 + (-42)/(-16). Suppose 0 = -z - q*z + 304. What are the prime factors of z?
2, 19
Suppose 5*v = -0*v + 1470. Suppose -4*w - 38 = -v. List the prime factors of w.
2
Suppose 1106*c = 1101*c + 2250. List the prime factors of c.
2, 3, 5
Let k(f) = -11*f - 41. Let z(y) = 23*y + 83. Let v(w) = 13*k(w) + 6*z(w). List the prime factors of v(-16).
3, 5
Let l = 73 + -68. Suppose l*y - 5*r = 220, -3*y + 0*r = 2*r - 152. What are the prime factors of y?
2, 3
Suppose -5*j + 7418 = 4*f + 152, -2*j = -5*f - 2913. What are the prime factors of j?
2, 727
Let f(u) = -102*u - 420. List the prime factors of f(-21).
2, 3, 7, 41
Suppose -3*j = o + 34, -j = -4*j - 2*o - 32. List the prime factors of j/(-72) + 563/6.
2, 47
Let g be 0 + 22/4 - 2/4. Suppose -100 = 3*z - g*z. List the prime factors of z.
2, 5
Let l(k) = k**3 - k**2 - 3*k + 2. Let y be l(1). What are the prime factors of 15 + -12 - y/1?
2
Suppose -4*v + 2*c + 24 = 0, -13 = 5*v - 4*c - 40. Let t = v - 12. Let w = 3 - t. What are the prime factors of w?
2
Let i(v) = -v + 0 - 1 + 15*v**2 - v**3 - 18*v**2. Let l be i(-3). What are the prime factors of ((-92)/16)/(l/(-8))?
23
Let z(w) = -3*w + 71. Let m be z(21). Suppose -m*i = -4*i - 36. List the prime factors of i.
3
Let p = -78 - -395. What are the prime factors of p?
317
Let v(t) be the second derivative of -t**4/12 - 23*t**3/6 - t**2 - 13*t. What are the prime factors of v(-17)?
2, 5
Let v(p) = -10*p - 9. Suppose 0 = -8*n - 40 - 40. What are the prime factors of v(n)?
7, 13
Suppose 5*t = u + 15, 7 = u + 2. Suppose -t*h + h = 36. What are the prime factors of (-298)/h - (-11)/66?
5
Suppose 6 = 2*i - 0*i. Let f be (3/12*0)/3. Suppose 2*w + 3*n = -n + 60, -i*w - 2*n + 94 = f. What are the prime factors of w?
2
Suppose -h - 3*b + 545 = -508, -3*h = -4*b - 3211. What are the prime factors of h?
3, 5, 71
Let c = 2 - -78. Let h = c + -53. What are the prime factors of h?
3
Let f = 137 + -134. Suppose b - 1 = 1. Suppose -j + f*p = -29, b*p - 6 = 5*p. List the prime factors of j.
23
Suppose 0 = 3*j + 5*x - 403 - 2095, 5 = 5*x. List the prime factors of j.
3, 277
Let r(l) = 22*l**2 - 19*l + 19. Let v(o) = 33*o**2 - 28*o + 28. Let g(y) = -7*r(y) + 5*v(y). What are the prime factors of g(4)?
5, 31
Let a = -79 + 690. What are the prime factors of a?
13, 47
Suppose 53 + 15 = -2*s. Let m = 82 - s. What are the prime factors of m?
2, 29
Suppose t + 3*y = -0*t + 3, -3*t = 3*y - 9. Suppose t*a - 4*f - 276 + 95 = 0, 144 = 2*a + 2*f. List the prime factors of a.
67
Suppose 28*h - 6192 = -200. What are the prime factors of h?
2, 107
Let r = -1 - -6. Suppose -3*a + r*a - 6 = 0. Suppose 0*n - a*n + 2*p = -68, -n - p + 21 = 0. List the prime factors of n.
2, 11
Suppose -3*k - 5*i + 1081 = -1370, 5*k = i + 4085. What are the prime factors of k?
19, 43
Let o be ((-26)/(-8))/(1/4). Let k = -338 - -409. Suppose 2*v - k = o. What are the prime factors of v?
2, 3, 7
Let x(o) = o + 3. Let j be x(-6). Let c be j/5 + 276/10. Suppose 3*w + 3*y = c + 60, -5*y = -4*w + 143. What are the prime factors of w?
2
Let u(i) = -i**3 + 6*i**2 - 5*i - 5. Let k be u(5). Let y = 46 - k. List the prime factors of y.
3, 17
Suppose 0 = -a, 4*d + 2*a = a + 380. Suppose 0 = -5*o - 5*n + d, -89 = -5*o - 4*n + 10. Let i = o - -11. What are the prime factors of i?
2, 17
Let v(i) = i**3 + 11*i**2 + 7*i - 8. Suppose 5*c + 3 - 7 = 3*g, 5*c = g + 8. Suppose 5*f - 3*k + 74 - 27 = 0, 2*k = -c*f - 22. List the prime factors of v(f).
2, 11
Let o(t) = t**3 - 6*t**2 - 5*t - 10. Let u be o(7). Suppose 3*h - 4*x = 825 - 226, -782 = -u*h - 3*x. List the prime factors of h.
197
Let t be -8 - (-3)/(6/4). Let y = t - -2. Let h(u) = -2*u - 2. What are the prime factors of h(y)?
2, 3
Suppose 5*r = -39 - 1. Let c = -6 - r. Suppose 5*f = 2*j + 3*j - 135, c*j + 5*f - 47 = 0. List the prime factors of j.
2, 13
Let i(p) = 5*p**3 + p**2 - 16*p + 72. List the prime factors of i(5).
2, 3, 107
Suppose -21*v - 3301 + 62689 = 0. List the prime factors of v.
2, 7, 101
Let i(a) = 31*a - 28. Let q be i(12). Suppose 0 = 3*j - q - 43. List the prime factors of j.
3, 43
Let r = -11 + 0. Let o(c) = -2*c + 15. Let p(m) = -m. Let n(b) = o(b) - 3*p(b). List the prime factors of n(r).
2
Let z(v) be the second derivative of 1/2*v**3 + 2*v**2 - 3*v + 0. List the prime factors of z(4).
2
Let w(p) = 40*p + 302. List the prime factors of w(49).
2, 3, 13, 29
Suppose 0 = 4*v + v + 10. List the prime factors of 0 + 97 + (-2)/2 + v.
2, 47
Suppose -4*j = -a + 238, 0 = 2*a - 2*j + 153 - 647. What are the prime factors of a?
2, 5
Let p be (-3 - 2) + 10/1. Suppose 5*z - 231 = -3*l, 2*l + 2*l + p*z - 308 = 0. List the prime factors of l.
7, 11
Suppose -2 = 4*j - 10. Suppose j*x + 40 + 17 = 3*z, -3*x = z - 19. Let g = -14 + z. What are the prime factors of g?
5
Let j(t) = 314*t + 112. List the prime factors of j(6).
2, 499
Let r = -12 + 17. Suppose -5*j = -2*f - 25, -5*j + 0*f = -r*f - 25. Let a(t) = t - 1. List the prime factors of a(j).
2
Let k(a) = 8*a + 4*a**2 - 2*a**2 - 7 - 3*a**2. Let z be k(7). What are the prime factors of 25 + -8 - (z + 3)?
2, 7
Suppose 84 + 51 = r. What are the prime factors of r?
3, 5
Let s(d) = 23*d + 11. Let n = -68 + 74. List the prime factors of s(n).
149
What are the prime factors of ((-10)/(-3))/(-10) - 19754/(-6)?
2, 823
Suppose 155 = 5*o + 25. Let j = o + -12. Let k = -12 + j. What are the prime factors of k?
2
Let n(t) = t**3 + 7*t**2 - 2*t + 5. Let r be (-27)/6 - 9/6. What are the prime factors of n(r)?
53
Suppose -477 = -14*n + 15*n. Let t = 319 + n. List the prime factors of (-13)/(-39) - t/3.
53
Let c be -2 - (4/28 - (-128)/(-14)). Let n = c + 88. List the prime factors of n.
5, 19
List the prime factors of 189 - (1*2 - (-11 + 11)).
11, 17
Let s = -2139 + 6352. List the prime factors of s.
11, 383
Let o(t) = 22*t**2 + 78*t + 2. What are the prime factors of o(-12)?
2, 1117
Let g(t) be the first derivative of 7*t**2 + 4*t + 0*t - 2*t**2 - 6. What are the prime factors of g(2)?
2, 3
What are the prime factors of 20/(5*14/4095)?
2, 3, 5, 13
Let d(h) = -h**3 + 4*h**2 - 3*h. Let l be d(3). Suppose l = 2*y - 3 - 3. Suppose -4*u + a = -82, a = y*u - a - 59. List the prime factors of u.
3, 7
Suppose 4*f + 0*f = r - 14, 0 = 4*f + 16. List the prime factors of -43*(-4 + 2 + r).
2, 43
List the prime factors of (-1383)/4*(0 - (-136)/(-51)).
2, 461
Let j(u) = -6*u - 3*u + u**3 - 6*u - 14*u**2 - 12 + 3*u. Let l(c) = -c**3 - 9*c**2 - c + 6. Let o be l(-9). List the prime factors of j(o).
3, 11
Let z(i) = -5*i - 30. Let o be z(-7). Suppose -o*f = -5*b + 747 + 288, -5*b - 3*f + 1011 = 0. What are the prime factors of b?
2, 3, 17
Let p be (-2)/(-7) + (-528)/(-14). Let m = p + -25. List the prime factors of m.
13
Let r = -9 + 1. Suppose -m - 84 = -4*m. Let f = m + r. What are the prime factors of f?
2, 5
Let o = -11 + 11. Let f(v) = v**3 + 2. Let l be f(o). Suppose -l